{"id":1588,"date":"2025-08-19T04:09:58","date_gmt":"2025-08-19T04:09:58","guid":{"rendered":"https:\/\/bejudoin.com\/?page_id=1588"},"modified":"2025-08-19T15:57:24","modified_gmt":"2025-08-19T15:57:24","slug":"be-judo-zen-slovenscina","status":"publish","type":"page","link":"https:\/\/bejudoin.com\/?page_id=1588&lang=sl","title":{"rendered":"Be Judo Zen &#8211; Sloven\u0161\u010dina"},"content":{"rendered":"\t\t<div data-elementor-type=\"wp-page\" data-elementor-id=\"1588\" class=\"elementor elementor-1588\">\n\t\t\t\t\t\t<section class=\"elementor-section elementor-top-section elementor-element elementor-element-74ee597 elementor-section-boxed elementor-section-height-default elementor-section-height-default\" data-id=\"74ee597\" data-element_type=\"section\" data-e-type=\"section\">\n\t\t\t\t\t\t<div class=\"elementor-container elementor-column-gap-default\">\n\t\t\t\t\t<div class=\"elementor-column elementor-col-33 elementor-top-column elementor-element elementor-element-0ab6cb4\" data-id=\"0ab6cb4\" data-element_type=\"column\" data-e-type=\"column\">\n\t\t\t<div class=\"elementor-widget-wrap\">\n\t\t\t\t\t\t\t<\/div>\n\t\t<\/div>\n\t\t\t\t<div class=\"elementor-column elementor-col-33 elementor-top-column elementor-element elementor-element-bb1ebf8\" data-id=\"bb1ebf8\" data-element_type=\"column\" data-e-type=\"column\">\n\t\t\t<div class=\"elementor-widget-wrap elementor-element-populated\">\n\t\t\t\t\t\t<section class=\"elementor-section elementor-inner-section elementor-element elementor-element-3571150 elementor-section-boxed elementor-section-height-default elementor-section-height-default\" data-id=\"3571150\" data-element_type=\"section\" data-e-type=\"section\">\n\t\t\t\t\t\t<div class=\"elementor-container elementor-column-gap-default\">\n\t\t\t\t\t<div class=\"elementor-column elementor-col-100 elementor-inner-column elementor-element elementor-element-e1790ad\" data-id=\"e1790ad\" data-element_type=\"column\" data-e-type=\"column\">\n\t\t\t<div class=\"elementor-widget-wrap elementor-element-populated\">\n\t\t\t\t\t\t<div class=\"elementor-element elementor-element-d9a4701 elementor-widget elementor-widget-elementskit-heading\" data-id=\"d9a4701\" data-element_type=\"widget\" data-e-type=\"widget\" data-widget_type=\"elementskit-heading.default\">\n\t\t\t\t<div class=\"elementor-widget-container\">\n\t\t\t\t\t<div class=\"ekit-wid-con\" ><div class=\"ekit-heading elementskit-section-title-wraper text_center   ekit_heading_tablet-   ekit_heading_mobile-\"><h2 class=\"ekit-heading--title elementskit-section-title \">O projektu <span>Be Judo Zen<\/span><\/h2><div class=\"ekit_heading_separetor_wraper ekit_heading_elementskit-border-divider elementskit-style-long\"><div class=\"elementskit-border-divider elementskit-style-long\"><\/div><\/div>\t\t\t\t<div class='ekit-heading__description'>\n\t\t\t\t\t<p>Be Judo Zen je nadgradnja predhodnjega projekta Be Judo In.<\/p>\n<p><strong>\"Otroci, ki se bolje po\u010dutijo, tudi bolje delujejo.\"<\/strong><\/p>\n<p>Be Judo Zen je projekt, namenjen spodbujanju du\u0161evnega zdravja in socialnega vklju\u010devanja v judu. Z ustvarjanjem \u010dustveno varnih okolij, izbolj\u0161anjem usposabljanja u\u010diteljev ter vklju\u010devanjem celostnih praks, kot sta joga in kineziterapija, \u017eelimo podpreti \u0161portnike raznolikih zmo\u017enosti.<\/p>\n\t\t\t\t<\/div>\n\t\t\t<\/div><\/div>\t\t\t\t<\/div>\n\t\t\t\t<\/div>\n\t\t\t\t<div class=\"elementor-element elementor-element-89c0ed6 elementor-widget elementor-widget-text-editor\" data-id=\"89c0ed6\" data-element_type=\"widget\" data-e-type=\"widget\" data-widget_type=\"text-editor.default\">\n\t\t\t\t<div class=\"elementor-widget-container\">\n\t\t\t\t\t\t\t\t\t<p><strong>Cilji in namen projekta<\/strong><\/p><p>S partnerji iz Hrva\u0161ke, Srbije in Slovenije sodelujemo pri gradnji bolj vklju\u010dujo\u010de in podporne judo kulture. S pomo\u010djo u\u010dnih modulov, delavnic in strokovnega sodelovanja si prizadevamo, da bi judo postal prostor, kjer lahko vsakdo uspeva!<\/p>\t\t\t\t\t\t\t\t<\/div>\n\t\t\t\t<\/div>\n\t\t\t\t\t<\/div>\n\t\t<\/div>\n\t\t\t\t\t<\/div>\n\t\t<\/section>\n\t\t\t\t\t<\/div>\n\t\t<\/div>\n\t\t\t\t<div class=\"elementor-column elementor-col-33 elementor-top-column elementor-element elementor-element-1c4a7c9\" data-id=\"1c4a7c9\" data-element_type=\"column\" data-e-type=\"column\">\n\t\t\t<div class=\"elementor-widget-wrap\">\n\t\t\t\t\t\t\t<\/div>\n\t\t<\/div>\n\t\t\t\t\t<\/div>\n\t\t<\/section>\n\t\t\t\t<section class=\"elementor-section elementor-top-section elementor-element elementor-element-d389cb1 elementor-section-boxed elementor-section-height-default elementor-section-height-default\" data-id=\"d389cb1\" data-element_type=\"section\" data-e-type=\"section\">\n\t\t\t\t\t\t<div class=\"elementor-container elementor-column-gap-default\">\n\t\t\t\t\t<div class=\"elementor-column elementor-col-16 elementor-top-column elementor-element elementor-element-2e978c3\" data-id=\"2e978c3\" data-element_type=\"column\" data-e-type=\"column\">\n\t\t\t<div class=\"elementor-widget-wrap\">\n\t\t\t\t\t\t\t<\/div>\n\t\t<\/div>\n\t\t\t\t<div class=\"elementor-column elementor-col-66 elementor-top-column elementor-element elementor-element-f585581\" data-id=\"f585581\" data-element_type=\"column\" data-e-type=\"column\">\n\t\t\t<div class=\"elementor-widget-wrap elementor-element-populated\">\n\t\t\t\t\t\t<div class=\"elementor-element elementor-element-34f733d elementor-widget elementor-widget-image\" data-id=\"34f733d\" data-element_type=\"widget\" data-e-type=\"widget\" data-widget_type=\"image.default\">\n\t\t\t\t<div class=\"elementor-widget-container\">\n\t\t\t\t\t\t\t\t\t\t\t\t\t\t\t<img fetchpriority=\"high\" decoding=\"async\" width=\"562\" height=\"804\" src=\"https:\/\/bejudoin.com\/wp-content\/uploads\/2025\/08\/Posnetek-zaslona-2025-08-19-175423.png\" class=\"attachment-medium_large size-medium_large wp-image-1740\" alt=\"\" srcset=\"https:\/\/bejudoin.com\/wp-content\/uploads\/2025\/08\/Posnetek-zaslona-2025-08-19-175423.png 562w, https:\/\/bejudoin.com\/wp-content\/uploads\/2025\/08\/Posnetek-zaslona-2025-08-19-175423-210x300.png 210w\" sizes=\"(max-width: 562px) 100vw, 562px\" \/>\t\t\t\t\t\t\t\t\t\t\t\t\t\t\t<\/div>\n\t\t\t\t<\/div>\n\t\t\t\t\t<\/div>\n\t\t<\/div>\n\t\t\t\t<div class=\"elementor-column elementor-col-16 elementor-top-column elementor-element elementor-element-e07d184\" data-id=\"e07d184\" data-element_type=\"column\" data-e-type=\"column\">\n\t\t\t<div class=\"elementor-widget-wrap\">\n\t\t\t\t\t\t\t<\/div>\n\t\t<\/div>\n\t\t\t\t\t<\/div>\n\t\t<\/section>\n\t\t\t\t<section class=\"elementor-section elementor-top-section elementor-element elementor-element-1ca8373 elementor-section-boxed elementor-section-height-default elementor-section-height-default\" data-id=\"1ca8373\" data-element_type=\"section\" data-e-type=\"section\">\n\t\t\t\t\t\t<div class=\"elementor-container elementor-column-gap-default\">\n\t\t\t\t\t<div class=\"elementor-column elementor-col-100 elementor-top-column elementor-element elementor-element-b90533b\" data-id=\"b90533b\" data-element_type=\"column\" data-e-type=\"column\">\n\t\t\t<div class=\"elementor-widget-wrap elementor-element-populated\">\n\t\t\t\t\t\t<div class=\"elementor-element elementor-element-1837f57 elementor-widget elementor-widget-image\" data-id=\"1837f57\" data-element_type=\"widget\" data-e-type=\"widget\" data-widget_type=\"image.default\">\n\t\t\t\t<div class=\"elementor-widget-container\">\n\t\t\t\t\t\t\t\t\t\t\t\t\t\t\t<img decoding=\"async\" width=\"557\" height=\"790\" src=\"https:\/\/bejudoin.com\/wp-content\/uploads\/2025\/08\/Posnetek-zaslona-2025-08-19-175431.png\" class=\"attachment-medium_large size-medium_large wp-image-1741\" alt=\"\" srcset=\"https:\/\/bejudoin.com\/wp-content\/uploads\/2025\/08\/Posnetek-zaslona-2025-08-19-175431.png 557w, https:\/\/bejudoin.com\/wp-content\/uploads\/2025\/08\/Posnetek-zaslona-2025-08-19-175431-212x300.png 212w\" sizes=\"(max-width: 557px) 100vw, 557px\" \/>\t\t\t\t\t\t\t\t\t\t\t\t\t\t\t<\/div>\n\t\t\t\t<\/div>\n\t\t\t\t\t<\/div>\n\t\t<\/div>\n\t\t\t\t\t<\/div>\n\t\t<\/section>\n\t\t\t\t<\/div>\n\t\t","protected":false},"excerpt":{"rendered":"<p>O projektu Be Judo Zen Be Judo Zen je nadgradnja predhodnjega projekta Be Judo In. &#8220;Otroci, ki se bolje po\u010dutijo, tudi bolje delujejo.&#8221; Be Judo Zen je projekt, namenjen spodbujanju du\u0161evnega zdravja in socialnega vklju\u010devanja v judu. Z ustvarjanjem \u010dustveno varnih okolij, izbolj\u0161anjem usposabljanja u\u010diteljev ter vklju\u010devanjem celostnih praks, kot sta joga in kineziterapija, \u017eelimo [&hellip;]<\/p>\n","protected":false},"author":4,"featured_media":0,"parent":0,"menu_order":0,"comment_status":"closed","ping_status":"closed","template":"elementor_header_footer","meta":{"footnotes":""},"class_list":["post-1588","page","type-page","status-publish","hentry"],"yoast_head":"<!-- This site is optimized with the Yoast SEO plugin v27.4 - https:\/\/yoast.com\/product\/yoast-seo-wordpress\/ -->\n<title>Be Judo Zen - Sloven\u0161\u010dina - BE-JUDO-ZEN<\/title>\n<meta name=\"robots\" content=\"index, follow, max-snippet:-1, max-image-preview:large, max-video-preview:-1\" \/>\n<link rel=\"canonical\" href=\"https:\/\/bejudoin.com\/?page_id=1588&lang=sl\" \/>\n<meta property=\"og:locale\" content=\"en_US\" \/>\n<meta property=\"og:type\" content=\"article\" \/>\n<meta property=\"og:title\" content=\"Be Judo Zen - Sloven\u0161\u010dina - BE-JUDO-ZEN\" \/>\n<meta property=\"og:description\" content=\"O projektu Be Judo Zen Be Judo Zen je nadgradnja predhodnjega projekta Be Judo In. &#8220;Otroci, ki se bolje po\u010dutijo, tudi bolje delujejo.&#8221; Be Judo Zen je projekt, namenjen spodbujanju du\u0161evnega zdravja in socialnega vklju\u010devanja v judu. Z ustvarjanjem \u010dustveno varnih okolij, izbolj\u0161anjem usposabljanja u\u010diteljev ter vklju\u010devanjem celostnih praks, kot sta joga in kineziterapija, \u017eelimo [&hellip;]\" \/>\n<meta property=\"og:url\" content=\"https:\/\/bejudoin.com\/?page_id=1588&amp;lang=sl\" \/>\n<meta property=\"og:site_name\" content=\"BE-JUDO-ZEN\" \/>\n<meta property=\"article:publisher\" content=\"https:\/\/www.facebook.com\/bejudoin\" \/>\n<meta property=\"article:modified_time\" content=\"2025-08-19T15:57:24+00:00\" \/>\n<meta property=\"og:image\" content=\"https:\/\/bejudoin.com\/wp-content\/uploads\/2025\/08\/Posnetek-zaslona-2025-08-19-175423.png\" \/>\n<meta name=\"twitter:card\" content=\"summary_large_image\" \/>\n<meta name=\"twitter:label1\" content=\"Est. reading time\" \/>\n\t<meta name=\"twitter:data1\" content=\"1 minute\" \/>\n<script type=\"application\/ld+json\" class=\"yoast-schema-graph\">{\"@context\":\"https:\\\/\\\/schema.org\",\"@graph\":[{\"@type\":\"WebPage\",\"@id\":\"https:\\\/\\\/bejudoin.com\\\/?page_id=1588&lang=sl\",\"url\":\"https:\\\/\\\/bejudoin.com\\\/?page_id=1588&lang=sl\",\"name\":\"Be Judo Zen - Sloven\u0161\u010dina - BE-JUDO-ZEN\",\"isPartOf\":{\"@id\":\"https:\\\/\\\/bejudoin.com\\\/#website\"},\"primaryImageOfPage\":{\"@id\":\"https:\\\/\\\/bejudoin.com\\\/?page_id=1588&lang=sl#primaryimage\"},\"image\":{\"@id\":\"https:\\\/\\\/bejudoin.com\\\/?page_id=1588&lang=sl#primaryimage\"},\"thumbnailUrl\":\"https:\\\/\\\/bejudoin.com\\\/wp-content\\\/uploads\\\/2025\\\/08\\\/Posnetek-zaslona-2025-08-19-175423.png\",\"datePublished\":\"2025-08-19T04:09:58+00:00\",\"dateModified\":\"2025-08-19T15:57:24+00:00\",\"breadcrumb\":{\"@id\":\"https:\\\/\\\/bejudoin.com\\\/?page_id=1588&lang=sl#breadcrumb\"},\"inLanguage\":\"en-US\",\"potentialAction\":[{\"@type\":\"ReadAction\",\"target\":[\"https:\\\/\\\/bejudoin.com\\\/?page_id=1588&lang=sl\"]}]},{\"@type\":\"ImageObject\",\"inLanguage\":\"en-US\",\"@id\":\"https:\\\/\\\/bejudoin.com\\\/?page_id=1588&lang=sl#primaryimage\",\"url\":\"https:\\\/\\\/bejudoin.com\\\/wp-content\\\/uploads\\\/2025\\\/08\\\/Posnetek-zaslona-2025-08-19-175423.png\",\"contentUrl\":\"https:\\\/\\\/bejudoin.com\\\/wp-content\\\/uploads\\\/2025\\\/08\\\/Posnetek-zaslona-2025-08-19-175423.png\",\"width\":562,\"height\":804},{\"@type\":\"BreadcrumbList\",\"@id\":\"https:\\\/\\\/bejudoin.com\\\/?page_id=1588&lang=sl#breadcrumb\",\"itemListElement\":[{\"@type\":\"ListItem\",\"position\":1,\"name\":\"Home\",\"item\":\"https:\\\/\\\/bejudoin.com\\\/\"},{\"@type\":\"ListItem\",\"position\":2,\"name\":\"Be Judo Zen &#8211; Sloven\u0161\u010dina\"}]},{\"@type\":\"WebSite\",\"@id\":\"https:\\\/\\\/bejudoin.com\\\/#website\",\"url\":\"https:\\\/\\\/bejudoin.com\\\/\",\"name\":\"BE-JUDO-ZEN\",\"description\":\"\",\"publisher\":{\"@id\":\"https:\\\/\\\/bejudoin.com\\\/#organization\"},\"alternateName\":\"Be Judo Inclusive\",\"potentialAction\":[{\"@type\":\"SearchAction\",\"target\":{\"@type\":\"EntryPoint\",\"urlTemplate\":\"https:\\\/\\\/bejudoin.com\\\/?s={search_term_string}\"},\"query-input\":{\"@type\":\"PropertyValueSpecification\",\"valueRequired\":true,\"valueName\":\"search_term_string\"}}],\"inLanguage\":\"en-US\"},{\"@type\":\"Organization\",\"@id\":\"https:\\\/\\\/bejudoin.com\\\/#organization\",\"name\":\"Be-Judo-In\",\"alternateName\":\"Be Judo Inclusive\",\"url\":\"https:\\\/\\\/bejudoin.com\\\/\",\"logo\":{\"@type\":\"ImageObject\",\"inLanguage\":\"en-US\",\"@id\":\"https:\\\/\\\/bejudoin.com\\\/#\\\/schema\\\/logo\\\/image\\\/\",\"url\":\"https:\\\/\\\/bejudoin.com\\\/wp-content\\\/uploads\\\/2025\\\/08\\\/image-1-1-1-1.png\",\"contentUrl\":\"https:\\\/\\\/bejudoin.com\\\/wp-content\\\/uploads\\\/2025\\\/08\\\/image-1-1-1-1.png\",\"width\":350,\"height\":164,\"caption\":\"Be-Judo-In\"},\"image\":{\"@id\":\"https:\\\/\\\/bejudoin.com\\\/#\\\/schema\\\/logo\\\/image\\\/\"},\"sameAs\":[\"https:\\\/\\\/www.facebook.com\\\/bejudoin\"]}]}<\/script>\n<!-- \/ Yoast SEO plugin. -->","yoast_head_json":{"title":"Be Judo Zen - Sloven\u0161\u010dina - BE-JUDO-ZEN","robots":{"index":"index","follow":"follow","max-snippet":"max-snippet:-1","max-image-preview":"max-image-preview:large","max-video-preview":"max-video-preview:-1"},"canonical":"https:\/\/bejudoin.com\/?page_id=1588&lang=sl","og_locale":"en_US","og_type":"article","og_title":"Be Judo Zen - Sloven\u0161\u010dina - BE-JUDO-ZEN","og_description":"O projektu Be Judo Zen Be Judo Zen je nadgradnja predhodnjega projekta Be Judo In. &#8220;Otroci, ki se bolje po\u010dutijo, tudi bolje delujejo.&#8221; Be Judo Zen je projekt, namenjen spodbujanju du\u0161evnega zdravja in socialnega vklju\u010devanja v judu. Z ustvarjanjem \u010dustveno varnih okolij, izbolj\u0161anjem usposabljanja u\u010diteljev ter vklju\u010devanjem celostnih praks, kot sta joga in kineziterapija, \u017eelimo [&hellip;]","og_url":"https:\/\/bejudoin.com\/?page_id=1588&lang=sl","og_site_name":"BE-JUDO-ZEN","article_publisher":"https:\/\/www.facebook.com\/bejudoin","article_modified_time":"2025-08-19T15:57:24+00:00","og_image":[{"url":"https:\/\/bejudoin.com\/wp-content\/uploads\/2025\/08\/Posnetek-zaslona-2025-08-19-175423.png","type":"","width":"","height":""}],"twitter_card":"summary_large_image","twitter_misc":{"Est. reading time":"1 minute"},"schema":{"@context":"https:\/\/schema.org","@graph":[{"@type":"WebPage","@id":"https:\/\/bejudoin.com\/?page_id=1588&lang=sl","url":"https:\/\/bejudoin.com\/?page_id=1588&lang=sl","name":"Be Judo Zen - Sloven\u0161\u010dina - BE-JUDO-ZEN","isPartOf":{"@id":"https:\/\/bejudoin.com\/#website"},"primaryImageOfPage":{"@id":"https:\/\/bejudoin.com\/?page_id=1588&lang=sl#primaryimage"},"image":{"@id":"https:\/\/bejudoin.com\/?page_id=1588&lang=sl#primaryimage"},"thumbnailUrl":"https:\/\/bejudoin.com\/wp-content\/uploads\/2025\/08\/Posnetek-zaslona-2025-08-19-175423.png","datePublished":"2025-08-19T04:09:58+00:00","dateModified":"2025-08-19T15:57:24+00:00","breadcrumb":{"@id":"https:\/\/bejudoin.com\/?page_id=1588&lang=sl#breadcrumb"},"inLanguage":"en-US","potentialAction":[{"@type":"ReadAction","target":["https:\/\/bejudoin.com\/?page_id=1588&lang=sl"]}]},{"@type":"ImageObject","inLanguage":"en-US","@id":"https:\/\/bejudoin.com\/?page_id=1588&lang=sl#primaryimage","url":"https:\/\/bejudoin.com\/wp-content\/uploads\/2025\/08\/Posnetek-zaslona-2025-08-19-175423.png","contentUrl":"https:\/\/bejudoin.com\/wp-content\/uploads\/2025\/08\/Posnetek-zaslona-2025-08-19-175423.png","width":562,"height":804},{"@type":"BreadcrumbList","@id":"https:\/\/bejudoin.com\/?page_id=1588&lang=sl#breadcrumb","itemListElement":[{"@type":"ListItem","position":1,"name":"Home","item":"https:\/\/bejudoin.com\/"},{"@type":"ListItem","position":2,"name":"Be Judo Zen &#8211; Sloven\u0161\u010dina"}]},{"@type":"WebSite","@id":"https:\/\/bejudoin.com\/#website","url":"https:\/\/bejudoin.com\/","name":"BE-JUDO-ZEN","description":"","publisher":{"@id":"https:\/\/bejudoin.com\/#organization"},"alternateName":"Be Judo Inclusive","potentialAction":[{"@type":"SearchAction","target":{"@type":"EntryPoint","urlTemplate":"https:\/\/bejudoin.com\/?s={search_term_string}"},"query-input":{"@type":"PropertyValueSpecification","valueRequired":true,"valueName":"search_term_string"}}],"inLanguage":"en-US"},{"@type":"Organization","@id":"https:\/\/bejudoin.com\/#organization","name":"Be-Judo-In","alternateName":"Be Judo Inclusive","url":"https:\/\/bejudoin.com\/","logo":{"@type":"ImageObject","inLanguage":"en-US","@id":"https:\/\/bejudoin.com\/#\/schema\/logo\/image\/","url":"https:\/\/bejudoin.com\/wp-content\/uploads\/2025\/08\/image-1-1-1-1.png","contentUrl":"https:\/\/bejudoin.com\/wp-content\/uploads\/2025\/08\/image-1-1-1-1.png","width":350,"height":164,"caption":"Be-Judo-In"},"image":{"@id":"https:\/\/bejudoin.com\/#\/schema\/logo\/image\/"},"sameAs":["https:\/\/www.facebook.com\/bejudoin"]}]}},"_links":{"self":[{"href":"https:\/\/bejudoin.com\/index.php?rest_route=\/wp\/v2\/pages\/1588","targetHints":{"allow":["GET"]}}],"collection":[{"href":"https:\/\/bejudoin.com\/index.php?rest_route=\/wp\/v2\/pages"}],"about":[{"href":"https:\/\/bejudoin.com\/index.php?rest_route=\/wp\/v2\/types\/page"}],"author":[{"embeddable":true,"href":"https:\/\/bejudoin.com\/index.php?rest_route=\/wp\/v2\/users\/4"}],"replies":[{"embeddable":true,"href":"https:\/\/bejudoin.com\/index.php?rest_route=%2Fwp%2Fv2%2Fcomments&post=1588"}],"version-history":[{"count":11,"href":"https:\/\/bejudoin.com\/index.php?rest_route=\/wp\/v2\/pages\/1588\/revisions"}],"predecessor-version":[{"id":1744,"href":"https:\/\/bejudoin.com\/index.php?rest_route=\/wp\/v2\/pages\/1588\/revisions\/1744"}],"wp:attachment":[{"href":"https:\/\/bejudoin.com\/index.php?rest_route=%2Fwp%2Fv2%2Fmedia&parent=1588"}],"curies":[{"name":"wp","href":"https:\/\/api.w.org\/{rel}","templated":true}]}}